ghest common divisor of g and 270.
30
Suppose 43 = -3*r + 4. Let l be (r + -1)*2/(-4). Let j be (-9 + 0 + -2)*-7. Calculate the highest common divisor of l and j.
7
Suppose -12*g + 53*g = 10045. Calculate the greatest common factor of 147 and g.
49
Let a be (-2)/5 + (-27)/(-5). Suppose -x - 4*v = 6, -2*x + x = -2*v. Let k be (-4 - (-7 - -5))*5/x. Calculate the greatest common divisor of k and a.
5
Let b(m) = 2*m + 2. Let i be b(1). Suppose -i*o = o - 300. Calculate the highest common factor of 20 and o.
20
Let w be -1 + 88*1 + 3. Suppose -v + 17 = -3*t + 4*t, 0 = -3*t + 3*v + 81. Let b = t - 12. Calculate the highest common factor of b and w.
10
Suppose -9*b - 87 + 501 = 0. What is the highest common factor of b and 2?
2
Let k(d) = 6*d**2 + 3*d. Let n be k(-3). Let r(m) = 7*m - 11. Let v be r(5). Suppose 0 = a + 6 - v. Calculate the highest common factor of a and n.
9
Let b(y) = 65*y + 15. Let c = -119 - -122. Let g be b(c). Calculate the greatest common factor of 30 and g.
30
Suppose 3*g - 30 = 4*k + 25, 5*g - 2*k - 101 = 0. Suppose -4*j - 420 = -8*j. Let c be (j/10)/(2/44). What is the highest common divisor of c and g?
21
Suppose 5*c - 2*l = 208, -7*c = -6*c - 5*l - 60. Let o = 14 + 4. Suppose o + 2 = 4*a. Calculate the highest common factor of c and a.
5
Let l = 153 - 286. Let o = -125 - l. Calculate the highest common factor of 64 and o.
8
Let h(p) = -2*p**3 - 2*p**2 - 8*p + 24. Let s be h(-3). What is the highest common factor of s and 1484?
28
Let d be 835/30 + (-3)/(-18). What is the greatest common divisor of d and 7?
7
Let q be (7 - -89)/4 - (7 + -2). Calculate the greatest common factor of 133 and q.
19
Suppose 5*z - 3*u - 1673 = 0, z = 4*u + 272 + 49. What is the highest common factor of 1 and z?
1
Let o = -23 + 45. Let a be 165/(-10)*(-10)/3. Calculate the highest common factor of o and a.
11
Suppose -5*w + 22 = 4*u, -4 = 2*u - 0*u. Suppose -4*l - s - 4 + 27 = 0, 0 = -5*l + 5*s + 35. Calculate the greatest common divisor of l and w.
6
Let x = -196 + 99. Let q = x - -101. What is the greatest common divisor of q and 12?
4
Let g(t) = 5*t**2 - 16*t - 30. Let a be g(5). Calculate the greatest common divisor of a and 5.
5
Let m(g) = g**3 - 2*g**2 + 14*g - 8. Let w be m(4). Calculate the highest common factor of 200 and w.
40
Let v = -73 - -75. Suppose -j + 13 = r, 5*j - 83 = -v*r + 3*r. Calculate the greatest common divisor of 48 and j.
16
Let m(j) = 2*j**2 + 3*j - 3. Let c be m(-3). Suppose -p = c*p - 448. What is the greatest common divisor of p and 8?
8
Let x = 89 + 111. What is the greatest common divisor of 20 and x?
20
Suppose -3*u + 2*i + 10 = 0, 3*u - 4*i - 1 = 1. Suppose t + 1 = u. What is the greatest common factor of 1 and t?
1
Let a(j) = -j**3 + 9*j**2 - 12. Let i be a(9). Let x = -8 - i. Suppose x = -0*k + 4*k. What is the greatest common factor of k and 4?
1
Let b = 1 - 1. Let g be (138/(-4))/(-3) - 24/16. Suppose -v + 0 + g = b. Calculate the greatest common factor of 40 and v.
10
Suppose -3*z + 7*z + 36 = 0. Let c be (-124)/z + (-4)/(-18). Let f = 2005 + -1935. Calculate the greatest common divisor of f and c.
14
Suppose 2212*z - 2218*z + 270 = 0. What is the highest common factor of z and 5?
5
Let a = 17 + -9. Let u be 252/(-147)*(20/(-150))/(2/70). Calculate the greatest common factor of u and a.
8
Suppose 38*w - 28*w - 600 = 0. Calculate the highest common divisor of 24 and w.
12
Let b(c) = c**2 + 7*c + 13. Suppose 3*z = -2*z - 40. Let q be b(z). Calculate the greatest common factor of 231 and q.
21
Let w(o) = -2*o**2 + 10*o + 12. Let g be w(-5). Let v be (156/(-16) - -3)*g/3. What is the greatest common divisor of 18 and v?
18
Let w(j) = 11*j**2 - 2 - 14*j**2 + j**3 + 0 + 5*j. Let h be w(4). Calculate the greatest common divisor of h and 85.
17
Let z be (1 - -3) + 171/(-9) + 33. Let d be -2 + 1/(-2)*-2. Let i be (d + 7)/((-1)/(-3)). What is the greatest common divisor of i and z?
18
Let n = 13 - 8. Suppose -i + d - 13 = 3*i, -d + n = 0. Let p be i/(3*(-4)/510). Calculate the highest common divisor of p and 34.
17
Let y(w) = w**3 + 10*w**2 - 25*w - 22. Let q be y(-11). Calculate the greatest common divisor of 2 and q.
2
Suppose -5*q + 3*h + 70 = 0, 2*h + 2 = -5*q + 72. Suppose -5*w - 32 = 43. Let u = 127 + w. What is the greatest common divisor of q and u?
14
Let t = 27 + -13. Let f be (-4)/(-10) - 1/(10/4). Suppose 134 = o - a + 3*a, -3*a - 9 = f. Calculate the greatest common divisor of t and o.
14
Let x(p) = 6*p**2 - 2*p + 34. Let f be x(-7). Calculate the greatest common factor of f and 36.
18
Suppose -46 - 19 = -2*t - 5*a, -4*a - 40 = -3*t. Let g be ((-75)/t - -4)*4. Let q be 81/(-3)*-1*g. Calculate the highest common factor of 27 and q.
27
Suppose -q + 5*q - 240 = 0. Let j(h) = -274*h - 3522. Let r be j(-13). Calculate the highest common factor of r and q.
20
Let a = -13 + -8. Let q be a*(-4 + (-16)/(-12)). What is the highest common factor of q and 56?
56
Let y(f) be the first derivative of 0*f + 0*f**3 + 1/2*f**2 - 3 - 37/4*f**4. Let k be y(-1). Calculate the highest common divisor of k and 4.
4
Let m = -37 - -70. Suppose 0 = -3*f - 8*a + 9*a - 97, a - 1 = 0. Let c = m + f. What is the greatest common factor of 5 and c?
1
Suppose -196 = -o - 0*o. Let s = -392 + 420. Calculate the greatest common factor of s and o.
28
Suppose -3 = -2*u - u. Let z be (8/(-24))/(u/(-6)). Calculate the greatest common divisor of 14 and z.
2
Let d = 28 + -24. Let p(z) = 16*z + 11. Let f be p(d). Calculate the highest common factor of f and 30.
15
Let r be -1 + 51/45 + (-19312)/(-60). What is the greatest common factor of r and 69?
23
Suppose 0*f - 10*f + 180 = 0. What is the highest common divisor of 78 and f?
6
Let g be -1 - -203 - -10*(-6)/15. What is the greatest common divisor of g and 36?
18
Let h(x) = -72*x + 56. Let r be h(-9). What is the highest common divisor of r and 64?
64
Suppose 94*h - 85*h = 117. What is the highest common factor of 871 and h?
13
Let i(g) = 13*g**2 - 2*g + 3. Let k be i(1). Suppose -7*u + 223 + 218 = 0. Calculate the highest common divisor of k and u.
7
Suppose -4 + 52 = 8*n. Suppose -n = 3*l - 6*l. Calculate the highest common divisor of l and 8.
2
Suppose -2*s + 5*l + 62 + 450 = 0, 4*s - 1024 = 5*l. Calculate the greatest common divisor of s and 48.
16
Let b(n) = -n + 0 - 7 - n. Suppose 0 = 6*o + 35 + 19. Let k be b(o). Calculate the highest common factor of k and 22.
11
Suppose -510 = -16*u + 610. Let h = -8 + 5. Let m be (9/6)/(h/(-28)). What is the greatest common factor of u and m?
14
Let w be (-21)/((1 - (-472)/(-92)) + 4). What is the highest common factor of 7 and w?
7
Suppose -9*w + 664 = 601. What is the greatest common factor of w and 889?
7
Let s be (2/(-4))/((-1)/12). Let v be -1 + 16/2 - 1. Let o(k) = k**2 - 7*k + 8. Let r be o(v). What is the greatest common factor of s and r?
2
Let l(g) = g**3 - 28*g**2 + 43*g - 40. Let h be l(27). Calculate the greatest common divisor of h and 16.
8
Let h(u) = 27*u**2 - 3*u - 2. Let a be h(-2). Let x = 121 - a. Let z = 1 - -98. What is the greatest common divisor of z and x?
9
Suppose -2*w - 3*p = -39, -w - p + 22 = 3*p. Suppose -22*i + w*i + 352 = 0. Calculate the highest common divisor of i and 8.
8
Suppose 0*r - 3*q = -2*r + 13, q + 1 = 0. Suppose y = 2*o + 9, r*y = 4*y + 4*o - 1. Calculate the greatest common divisor of 38 and y.
19
Let s be ((-3825)/27)/(16/6 + -3). Calculate the highest common divisor of s and 17.
17
Let s = 1343 - 1319. Let v be (36/10)/((-1)/(-60)). Calculate the highest common factor of s and v.
24
Let y(v) = -v. Let i be y(-2). Let x(j) = -2*j**3 - j - 1. Let q be x(-1). Calculate the greatest common factor of i and q.
2
Let s = 594 - 578. Let q be (0/(-1) + 0)/2. Suppose -4*g - i - 2*i + 26 = q, -2*g - 3*i + 10 = 0. Calculate the greatest common divisor of g and s.
8
Let x(l) = -l**3 + 7*l**2 + 3*l - 11. Let f be x(7). Calculate the greatest common divisor of f and 5.
5
Suppose 0 = 5*s - 59 + 9. Let t(j) = -j**3 + 7*j**2 - j - 11. Let n be t(5). Suppose -39 = -h - n. What is the highest common factor of s and h?
5
Let q(l) = 10*l - 2*l + 3 - 9*l**2 + 10*l**2 - 8. Let t be q(-10). Suppose -2*b = b - 180. What is the greatest common factor of t and b?
15
Suppose -j = f + 2*j + 25, 3*j = 2*f + 5. Suppose -5*y + 12*b - 